{"id":8,"date":"2025-03-07T02:05:44","date_gmt":"2025-03-07T02:05:44","guid":{"rendered":"https:\/\/lsv.iaetve.org\/?page_id=8"},"modified":"2025-06-17T16:25:18","modified_gmt":"2025-06-17T20:25:18","slug":"acerca-de","status":"publish","type":"page","link":"https:\/\/lsv.iaetve.org\/?page_id=8","title":{"rendered":"Acerca de"},"content":{"rendered":"\n<div class=\"wp-block-media-text is-stacked-on-mobile pattern-about\" style=\"grid-template-columns:30% auto\"><figure class=\"wp-block-media-text__media\"><img fetchpriority=\"high\" decoding=\"async\" width=\"1024\" height=\"768\" src=\"https:\/\/lsv.iaetve.org\/wp-content\/uploads\/2025\/06\/IMG_20230911_113215_324-1024x768.jpg\" alt=\"\" class=\"wp-image-60 size-full\" srcset=\"https:\/\/lsv.iaetve.org\/wp-content\/uploads\/2025\/06\/IMG_20230911_113215_324-1024x768.jpg 1024w, https:\/\/lsv.iaetve.org\/wp-content\/uploads\/2025\/06\/IMG_20230911_113215_324-300x225.jpg 300w, https:\/\/lsv.iaetve.org\/wp-content\/uploads\/2025\/06\/IMG_20230911_113215_324-768x576.jpg 768w, https:\/\/lsv.iaetve.org\/wp-content\/uploads\/2025\/06\/IMG_20230911_113215_324-1536x1152.jpg 1536w, https:\/\/lsv.iaetve.org\/wp-content\/uploads\/2025\/06\/IMG_20230911_113215_324-2048x1536.jpg 2048w\" sizes=\"(max-width: 1024px) 100vw, 1024px\" \/><\/figure><div class=\"wp-block-media-text__content\">\n<p>Conducir procesos de aprendizaje de Lengua de Se\u00f1as Venezolanas (LSV) es, para el IAET, parte de un proceso radical de pensar las formas de aprender desde otro lugar.<\/p>\n\n\n\n<p>El traductor de LSV es una experiencia dentro de estos procesos de aprendizaje, a partir del cual se ofrecen formas m\u00e1s amables y humanas de comunicaci\u00f3n entre personas oyentes y sordas.<\/p>\n<\/div><\/div>\n\n\n\n<div class=\"wp-block-group team-members-pattern p-animation-zoom-in is-layout-flow wp-block-group-is-layout-flow\" style=\"padding-top:var(--wp--preset--spacing--large);padding-bottom:var(--wp--preset--spacing--large)\">\n<h2 class=\"wp-block-heading has-text-align-center has-large-font-size\">Equipo detr\u00e1s del proyecto Traductor LSV<\/h2>\n\n\n\n<div style=\"height:16px\" aria-hidden=\"true\" class=\"wp-block-spacer\"><\/div>\n\n\n\n<p class=\"has-text-align-center\">Equip\u00f3 proveniente de distintas formaciones, con un prop\u00f3sito en com\u00fan<\/p>\n\n\n\n<div class=\"wp-block-columns is-layout-flex wp-container-core-columns-is-layout-b8f50212 wp-block-columns-is-layout-flex\" style=\"padding-top:0;padding-right:0;padding-bottom:0;padding-left:0\">\n<div class=\"wp-block-column is-layout-flow wp-block-column-is-layout-flow\" style=\"padding-top:var(--wp--preset--spacing--small);padding-right:0;padding-bottom:var(--wp--preset--spacing--small);padding-left:0\">\n<figure class=\"wp-block-image aligncenter size-full is-resized has-custom-border\"><img decoding=\"async\" width=\"309\" height=\"372\" src=\"https:\/\/lsv.iaetve.org\/wp-content\/uploads\/2025\/06\/WhatsApp-Image-2022-07-20-at-6.09.48-PM.jpeg\" alt=\"\" class=\"wp-image-56\" style=\"border-radius:50%;width:131px;height:auto\" srcset=\"https:\/\/lsv.iaetve.org\/wp-content\/uploads\/2025\/06\/WhatsApp-Image-2022-07-20-at-6.09.48-PM.jpeg 309w, https:\/\/lsv.iaetve.org\/wp-content\/uploads\/2025\/06\/WhatsApp-Image-2022-07-20-at-6.09.48-PM-249x300.jpeg 249w\" sizes=\"(max-width: 309px) 100vw, 309px\" \/><\/figure>\n\n\n\n<h4 class=\"wp-block-heading has-text-align-center\">Javier Ram\u00edrez<\/h4>\n\n\n\n<p class=\"has-text-align-center\">Coordinador<\/p>\n<\/div>\n\n\n\n<div class=\"wp-block-column is-layout-flow wp-block-column-is-layout-flow\" style=\"padding-top:var(--wp--preset--spacing--small);padding-bottom:var(--wp--preset--spacing--small)\">\n<figure class=\"wp-block-image aligncenter size-full is-resized has-custom-border\"><img decoding=\"async\" width=\"1098\" height=\"1080\" src=\"https:\/\/lsv.iaetve.org\/wp-content\/uploads\/2025\/06\/JulianaCarreno-e1750093458192.png\" alt=\"\" class=\"wp-image-55\" style=\"border-width:px;border-radius:50%;width:150px;height:auto\" srcset=\"https:\/\/lsv.iaetve.org\/wp-content\/uploads\/2025\/06\/JulianaCarreno-e1750093458192.png 1098w, https:\/\/lsv.iaetve.org\/wp-content\/uploads\/2025\/06\/JulianaCarreno-e1750093458192-300x295.png 300w, https:\/\/lsv.iaetve.org\/wp-content\/uploads\/2025\/06\/JulianaCarreno-e1750093458192-1024x1007.png 1024w, https:\/\/lsv.iaetve.org\/wp-content\/uploads\/2025\/06\/JulianaCarreno-e1750093458192-768x755.png 768w\" sizes=\"(max-width: 1098px) 100vw, 1098px\" \/><\/figure>\n\n\n\n<h4 class=\"wp-block-heading has-text-align-center\">Yuliana Carre\u00f1o<\/h4>\n\n\n\n<p class=\"has-text-align-center\">Investigadora<\/p>\n<\/div>\n\n\n\n<div class=\"wp-block-column is-layout-flow wp-block-column-is-layout-flow\" style=\"padding-top:var(--wp--preset--spacing--small);padding-right:0;padding-bottom:var(--wp--preset--spacing--small);padding-left:0\">\n<figure class=\"wp-block-image aligncenter size-full is-resized has-custom-border\"><img loading=\"lazy\" decoding=\"async\" width=\"556\" height=\"708\" src=\"https:\/\/lsv.iaetve.org\/wp-content\/uploads\/2025\/06\/2f5b1984-5889-4f15-a735-58ed28ac88dd.jpeg\" alt=\"\" class=\"wp-image-128\" style=\"border-radius:50%;width:133px;height:auto\" srcset=\"https:\/\/lsv.iaetve.org\/wp-content\/uploads\/2025\/06\/2f5b1984-5889-4f15-a735-58ed28ac88dd.jpeg 556w, https:\/\/lsv.iaetve.org\/wp-content\/uploads\/2025\/06\/2f5b1984-5889-4f15-a735-58ed28ac88dd-236x300.jpeg 236w\" sizes=\"(max-width: 556px) 100vw, 556px\" \/><\/figure>\n\n\n\n<h4 class=\"wp-block-heading has-text-align-center\">Myriam Anzola<\/h4>\n\n\n\n<p class=\"has-text-align-center\">Asesora<\/p>\n<\/div>\n\n\n\n<div class=\"wp-block-column is-layout-flow wp-block-column-is-layout-flow\" style=\"padding-top:var(--wp--preset--spacing--small);padding-bottom:var(--wp--preset--spacing--small)\">\n<figure class=\"wp-block-image aligncenter size-full is-resized has-custom-border\"><img loading=\"lazy\" decoding=\"async\" width=\"1050\" height=\"1573\" src=\"https:\/\/lsv.iaetve.org\/wp-content\/uploads\/2025\/06\/Fpalm.png\" alt=\"\" class=\"wp-image-59\" style=\"border-radius:50%;width:111px;height:auto\" srcset=\"https:\/\/lsv.iaetve.org\/wp-content\/uploads\/2025\/06\/Fpalm.png 1050w, https:\/\/lsv.iaetve.org\/wp-content\/uploads\/2025\/06\/Fpalm-200x300.png 200w, https:\/\/lsv.iaetve.org\/wp-content\/uploads\/2025\/06\/Fpalm-684x1024.png 684w, https:\/\/lsv.iaetve.org\/wp-content\/uploads\/2025\/06\/Fpalm-768x1151.png 768w, https:\/\/lsv.iaetve.org\/wp-content\/uploads\/2025\/06\/Fpalm-1025x1536.png 1025w\" sizes=\"(max-width: 1050px) 100vw, 1050px\" \/><\/figure>\n\n\n\n<h4 class=\"wp-block-heading has-text-align-center\">Francisco Palm<\/h4>\n\n\n\n<p class=\"has-text-align-center\">Coordinador<\/p>\n<\/div>\n<\/div>\n\n\n\n<div class=\"wp-block-columns is-layout-flex wp-container-core-columns-is-layout-b8f50212 wp-block-columns-is-layout-flex\" style=\"padding-top:0;padding-right:0;padding-bottom:0;padding-left:0\">\n<div class=\"wp-block-column is-layout-flow wp-block-column-is-layout-flow\" style=\"padding-top:var(--wp--preset--spacing--small);padding-right:0;padding-bottom:var(--wp--preset--spacing--small);padding-left:0\">\n<figure class=\"wp-block-image aligncenter size-full is-resized has-custom-border\"><img loading=\"lazy\" decoding=\"async\" width=\"894\" height=\"971\" src=\"https:\/\/lsv.iaetve.org\/wp-content\/uploads\/2025\/06\/WhatsApp-Image-2023-01-21-at-12.06.41-PM.jpeg\" alt=\"\" class=\"wp-image-124\" style=\"border-radius:50%;width:175px;height:auto\" srcset=\"https:\/\/lsv.iaetve.org\/wp-content\/uploads\/2025\/06\/WhatsApp-Image-2023-01-21-at-12.06.41-PM.jpeg 894w, https:\/\/lsv.iaetve.org\/wp-content\/uploads\/2025\/06\/WhatsApp-Image-2023-01-21-at-12.06.41-PM-276x300.jpeg 276w, https:\/\/lsv.iaetve.org\/wp-content\/uploads\/2025\/06\/WhatsApp-Image-2023-01-21-at-12.06.41-PM-768x834.jpeg 768w\" sizes=\"(max-width: 894px) 100vw, 894px\" \/><\/figure>\n\n\n\n<h4 class=\"wp-block-heading has-text-align-center\">Dennis Zavala<\/h4>\n\n\n\n<p class=\"has-text-align-center\">Investigador<\/p>\n<\/div>\n\n\n\n<div class=\"wp-block-column is-layout-flow wp-block-column-is-layout-flow\" style=\"padding-top:var(--wp--preset--spacing--small);padding-right:0;padding-bottom:var(--wp--preset--spacing--small);padding-left:0\">\n<figure class=\"wp-block-image aligncenter size-full is-resized has-custom-border\"><img loading=\"lazy\" decoding=\"async\" width=\"738\" height=\"720\" src=\"https:\/\/lsv.iaetve.org\/wp-content\/uploads\/2025\/06\/jose-ramon-diaz-e1750093584102.jpg\" alt=\"\" class=\"wp-image-58\" style=\"border-radius:50%;width:175px;height:auto\" srcset=\"https:\/\/lsv.iaetve.org\/wp-content\/uploads\/2025\/06\/jose-ramon-diaz-e1750093584102.jpg 738w, https:\/\/lsv.iaetve.org\/wp-content\/uploads\/2025\/06\/jose-ramon-diaz-e1750093584102-300x293.jpg 300w\" sizes=\"(max-width: 738px) 100vw, 738px\" \/><\/figure>\n\n\n\n<h4 class=\"wp-block-heading has-text-align-center\">Jos\u00e9 Ram\u00f3n D\u00edaz<\/h4>\n\n\n\n<p class=\"has-text-align-center\">Investigador<\/p>\n<\/div>\n\n\n\n<div class=\"wp-block-column is-layout-flow wp-block-column-is-layout-flow\" style=\"padding-top:var(--wp--preset--spacing--small);padding-bottom:var(--wp--preset--spacing--small)\">\n<figure class=\"wp-block-image aligncenter size-full is-resized has-custom-border\"><img loading=\"lazy\" decoding=\"async\" width=\"960\" height=\"868\" src=\"https:\/\/lsv.iaetve.org\/wp-content\/uploads\/2025\/06\/photo_2023-08-14_18-56-41-e1750191892703.jpg\" alt=\"\" class=\"wp-image-125\" style=\"border-width:px;border-radius:50%;width:194px;height:auto\" srcset=\"https:\/\/lsv.iaetve.org\/wp-content\/uploads\/2025\/06\/photo_2023-08-14_18-56-41-e1750191892703.jpg 960w, https:\/\/lsv.iaetve.org\/wp-content\/uploads\/2025\/06\/photo_2023-08-14_18-56-41-e1750191892703-300x271.jpg 300w, https:\/\/lsv.iaetve.org\/wp-content\/uploads\/2025\/06\/photo_2023-08-14_18-56-41-e1750191892703-768x694.jpg 768w\" sizes=\"(max-width: 960px) 100vw, 960px\" \/><\/figure>\n\n\n\n<h4 class=\"wp-block-heading has-text-align-center\">Jos\u00e9 Leonardo Lira<\/h4>\n\n\n\n<p class=\"has-text-align-center\">Investigador<\/p>\n<\/div>\n<\/div>\n<\/div>\n\n\n\n<p><\/p>\n","protected":false},"excerpt":{"rendered":"<p>Conducir procesos de aprendizaje de Lengua de Se\u00f1as Venezolanas (LSV) es, para el IAET, parte&hellip;<\/p>\n","protected":false},"author":1,"featured_media":0,"parent":0,"menu_order":0,"comment_status":"closed","ping_status":"closed","template":"","meta":{"footnotes":""},"class_list":["post-8","page","type-page","status-publish","hentry"],"_links":{"self":[{"href":"https:\/\/lsv.iaetve.org\/index.php?rest_route=\/wp\/v2\/pages\/8","targetHints":{"allow":["GET"]}}],"collection":[{"href":"https:\/\/lsv.iaetve.org\/index.php?rest_route=\/wp\/v2\/pages"}],"about":[{"href":"https:\/\/lsv.iaetve.org\/index.php?rest_route=\/wp\/v2\/types\/page"}],"author":[{"embeddable":true,"href":"https:\/\/lsv.iaetve.org\/index.php?rest_route=\/wp\/v2\/users\/1"}],"replies":[{"embeddable":true,"href":"https:\/\/lsv.iaetve.org\/index.php?rest_route=%2Fwp%2Fv2%2Fcomments&post=8"}],"version-history":[{"count":7,"href":"https:\/\/lsv.iaetve.org\/index.php?rest_route=\/wp\/v2\/pages\/8\/revisions"}],"predecessor-version":[{"id":130,"href":"https:\/\/lsv.iaetve.org\/index.php?rest_route=\/wp\/v2\/pages\/8\/revisions\/130"}],"wp:attachment":[{"href":"https:\/\/lsv.iaetve.org\/index.php?rest_route=%2Fwp%2Fv2%2Fmedia&parent=8"}],"curies":[{"name":"wp","href":"https:\/\/api.w.org\/{rel}","templated":true}]}}