{"id":9,"date":"2025-03-07T02:05:44","date_gmt":"2025-03-07T02:05:44","guid":{"rendered":"https:\/\/lsv.iaetve.org\/?page_id=9"},"modified":"2025-06-18T12:36:10","modified_gmt":"2025-06-18T16:36:10","slug":"traductor-de-lsv","status":"publish","type":"page","link":"https:\/\/lsv.iaetve.org\/?page_id=9","title":{"rendered":"Traductor de LSV"},"content":{"rendered":"\n<div class=\"wp-block-group alignfull six-services has-gray-background-color has-background is-layout-constrained wp-container-core-group-is-layout-0929ba60 wp-block-group-is-layout-constrained\" style=\"margin-top:0;margin-bottom:var(--wp--preset--spacing--xx-large);padding-top:var(--wp--preset--spacing--medium);padding-right:0;padding-bottom:var(--wp--preset--spacing--medium);padding-left:0\">\n<div style=\"height:1rem\" aria-hidden=\"true\" class=\"wp-block-spacer\"><\/div>\n\n\n\n<h2 class=\"wp-block-heading has-text-align-center p-animation-text-moveUp\">Tecnolog\u00edas para mejorar la comunicaci\u00f3n<\/h2>\n\n\n\n<p class=\"has-text-align-center p-animation-text-moveUp\"><strong>Objetivo:<\/strong> Desarrollar un sistema de traducci\u00f3n autom\u00e1tica de la lengua de se\u00f1as venezolana (LSV) al espa\u00f1ol, apoyado en herramientas de inteligencia artificial y aprendizaje autom\u00e1tico, con el fin de facilitar la comunicaci\u00f3n entre personas sordas y oyentes, promover la inclusi\u00f3n social y mejorar el acceso a servicios esenciales para la comunidad sorda en Venezuela.<\/p>\n\n\n\n<div class=\"wp-block-columns p-animation-text-moveUp is-layout-flex wp-container-core-columns-is-layout-df70c5d9 wp-block-columns-is-layout-flex\" style=\"padding-top:var(--wp--preset--spacing--medium);padding-bottom:var(--wp--preset--spacing--medium)\">\n<div class=\"wp-block-column is-vertically-aligned-center has-white-background-color has-background is-layout-flow wp-block-column-is-layout-flow\" style=\"padding-top:var(--wp--preset--spacing--large);padding-right:var(--wp--preset--spacing--small);padding-bottom:var(--wp--preset--spacing--large);padding-left:var(--wp--preset--spacing--small)\">\n<figure class=\"wp-block-image aligncenter size-full is-resized\"><img decoding=\"async\" src=\"https:\/\/lsv.iaetve.org\/wp-content\/themes\/prespa\/assets\/img\/patterns\/icons\/user-friendly.svg\" alt=\"\" class=\"wp-image-253\" style=\"width:40px;height:40px\"\/><\/figure>\n\n\n\n<h5 class=\"wp-block-heading has-text-align-center\" style=\"padding-top:var(--wp--preset--spacing--xx-small);letter-spacing:-0.04em;line-height:1.1\">Educaci\u00f3n y Sensibilizaci\u00f3n<\/h5>\n\n\n\n<p class=\"has-text-align-center\">El Traductor de LSV, ser\u00e1 un recurso educativo para ense\u00f1ar LSV a la poblaci\u00f3n oyente, aumentando su sensibilizaci\u00f3n y entendimiento de la cultura sorda.<\/p>\n<\/div>\n\n\n\n<div class=\"wp-block-column is-vertically-aligned-center has-grey-background-color has-white-background-color has-background is-layout-flow wp-block-column-is-layout-flow\" style=\"padding-top:var(--wp--preset--spacing--large);padding-right:var(--wp--preset--spacing--small);padding-bottom:var(--wp--preset--spacing--large);padding-left:var(--wp--preset--spacing--small)\">\n<figure class=\"wp-block-image aligncenter size-full is-resized\"><img decoding=\"async\" src=\"https:\/\/lsv.iaetve.org\/wp-content\/themes\/prespa\/assets\/img\/patterns\/icons\/collaboration-support.svg\" alt=\"\" class=\"wp-image-254\" style=\"width:40px;height:40px\"\/><\/figure>\n\n\n\n<h5 class=\"wp-block-heading has-text-align-center\" style=\"padding-top:var(--wp--preset--spacing--xx-small);letter-spacing:-0.03em;line-height:1.1\">Innovaci\u00f3n Tecnol\u00f3gica<\/h5>\n\n\n\n<p class=\"has-text-align-center\">Se trata de un proyecto pionero que busca posicionar a Venezuela como pa\u00eds l\u00edder en el uso de tecnolog\u00edas avanzadas para la inclusi\u00f3n social, creando un precedente a nivel internacional.<\/p>\n<\/div>\n\n\n\n<div class=\"wp-block-column is-vertically-aligned-center has-white-background-color has-background is-layout-flow wp-block-column-is-layout-flow\" style=\"border-style:none;border-width:0px;padding-top:var(--wp--preset--spacing--large);padding-right:var(--wp--preset--spacing--small);padding-bottom:var(--wp--preset--spacing--large);padding-left:var(--wp--preset--spacing--small)\">\n<figure class=\"wp-block-image aligncenter size-full is-resized\"><img decoding=\"async\" src=\"https:\/\/lsv.iaetve.org\/wp-content\/themes\/prespa\/assets\/img\/patterns\/icons\/check-square.svg\" alt=\"\" class=\"wp-image-256\" style=\"width:40px;height:40px\"\/><\/figure>\n\n\n\n<h5 class=\"wp-block-heading has-text-align-center\" style=\"padding-top:var(--wp--preset--spacing--xx-small);letter-spacing:-0.03em;line-height:1.1\">Acceso a Servicios<\/h5>\n\n\n\n<p class=\"has-text-align-center\">Disponer de un traductor de LSV mejorar\u00e1 el acceso a servicios esenciales tales como la educaci\u00f3n, la salud y el empleo, gracias a la eliminaci\u00f3n de las barreras de comunicaci\u00f3n.<\/p>\n<\/div>\n<\/div>\n\n\n\n<div class=\"wp-block-columns p-animation-text-moveUp is-layout-flex wp-container-core-columns-is-layout-c0ed80d6 wp-block-columns-is-layout-flex\" style=\"padding-top:0;padding-bottom:var(--wp--preset--spacing--large)\">\n<div class=\"wp-block-column is-vertically-aligned-center has-white-background-color has-background is-layout-flow wp-block-column-is-layout-flow\" style=\"padding-top:var(--wp--preset--spacing--large);padding-right:var(--wp--preset--spacing--small);padding-bottom:var(--wp--preset--spacing--large);padding-left:var(--wp--preset--spacing--small)\">\n<figure class=\"wp-block-image aligncenter size-full is-resized\"><img decoding=\"async\" src=\"https:\/\/lsv.iaetve.org\/wp-content\/themes\/prespa\/assets\/img\/patterns\/icons\/user-check.svg\" alt=\"\" class=\"wp-image-253\" style=\"width:40px;height:40px\"\/><\/figure>\n\n\n\n<h5 class=\"wp-block-heading has-text-align-center\" style=\"padding-top:var(--wp--preset--spacing--xx-small);letter-spacing:-0.04em;line-height:1.1\">Precisi\u00f3n y Eficiencia<\/h5>\n\n\n\n<p class=\"has-text-align-center\">El uso de IA, y herramientas de aprendizaje autom\u00e1tico junto a tecnolog\u00edas de reconocimiento gestual, dota al traductor de precisi\u00f3n y eficiencia superiores a las soluciones disponibles, adapt\u00e1ndose a la gram\u00e1tica y las expresiones faciales propias de la LSV.<\/p>\n<\/div>\n\n\n\n<div class=\"wp-block-column is-vertically-aligned-center has-grey-background-color has-white-background-color has-background is-layout-flow wp-block-column-is-layout-flow\" style=\"padding-top:var(--wp--preset--spacing--large);padding-right:var(--wp--preset--spacing--small);padding-bottom:var(--wp--preset--spacing--large);padding-left:var(--wp--preset--spacing--small)\">\n<figure class=\"wp-block-image aligncenter size-full is-resized\"><img decoding=\"async\" src=\"https:\/\/lsv.iaetve.org\/wp-content\/themes\/prespa\/assets\/img\/patterns\/icons\/code.svg\" alt=\"\" class=\"wp-image-254\" style=\"width:40px;height:40px\"\/><\/figure>\n\n\n\n<h5 class=\"wp-block-heading has-text-align-center\" style=\"padding-top:var(--wp--preset--spacing--xx-small);letter-spacing:-0.03em;line-height:1.1\">Equipo transdisciplinario<\/h5>\n\n\n\n<p class=\"has-text-align-center\">El proyecto se desarrolla con un equipo que incluye a un coordinador de proyecto, metod\u00f3logo, programador, dise\u00f1ador gr\u00e1fico, especialista en modelado ling\u00fc\u00edstico, sordo e int\u00e9rprete, garantizando un enfoque integral y preciso en el desarrollo del proyecto.<\/p>\n<\/div>\n\n\n\n<div class=\"wp-block-column is-vertically-aligned-center has-white-background-color has-background is-layout-flow wp-block-column-is-layout-flow\" style=\"border-style:none;border-width:0px;padding-top:var(--wp--preset--spacing--large);padding-right:var(--wp--preset--spacing--small);padding-bottom:var(--wp--preset--spacing--large);padding-left:var(--wp--preset--spacing--small)\">\n<figure class=\"wp-block-image aligncenter size-full is-resized\"><img decoding=\"async\" src=\"https:\/\/lsv.iaetve.org\/wp-content\/themes\/prespa\/assets\/img\/patterns\/icons\/command.svg\" alt=\"\" class=\"wp-image-256\" style=\"width:40px;height:40px\"\/><\/figure>\n\n\n\n<h5 class=\"wp-block-heading has-text-align-center\" style=\"padding-top:var(--wp--preset--spacing--xx-small);letter-spacing:-0.03em;line-height:1.1\">Inclusi\u00f3n Social<\/h5>\n\n\n\n<p class=\"has-text-align-center\">El acceso desigual al uso de tecnolog\u00edas para comunicarse e integrase de forma plena en la sociedad, puede ser resuelto generando, a su vez mayor inclusi\u00f3n social, y permitiendo que las personas sordas participen plenamente en la sociedad.<\/p>\n<\/div>\n<\/div>\n<\/div>\n\n\n\n<div class=\"wp-block-group why-choose-us p-animation-text-moveUp has-surface-background-color has-background is-layout-constrained wp-container-core-group-is-layout-515ed75b wp-block-group-is-layout-constrained\" style=\"padding-top:var(--wp--preset--spacing--large);padding-right:0;padding-bottom:var(--wp--preset--spacing--x-large);padding-left:0\">\n<h2 class=\"wp-block-heading has-text-align-center\">Caracter\u00edsticas T\u00e9cnicas<\/h2>\n\n\n\n<p class=\"has-text-align-center\" style=\"padding-bottom:var(--wp--preset--spacing--small)\"><\/p>\n\n\n\n<div class=\"wp-block-columns is-layout-flex wp-container-core-columns-is-layout-010e51cd wp-block-columns-is-layout-flex\">\n<div class=\"wp-block-column is-layout-flow wp-block-column-is-layout-flow\">\n<figure class=\"wp-block-image size-full has-custom-border\"><img fetchpriority=\"high\" decoding=\"async\" width=\"1052\" height=\"780\" src=\"https:\/\/lsv.iaetve.org\/wp-content\/uploads\/2025\/06\/JAVIER-EN-TALLER.jpeg\" alt=\"\" class=\"wp-image-108\" style=\"border-radius:6px\" srcset=\"https:\/\/lsv.iaetve.org\/wp-content\/uploads\/2025\/06\/JAVIER-EN-TALLER.jpeg 1052w, https:\/\/lsv.iaetve.org\/wp-content\/uploads\/2025\/06\/JAVIER-EN-TALLER-300x222.jpeg 300w, https:\/\/lsv.iaetve.org\/wp-content\/uploads\/2025\/06\/JAVIER-EN-TALLER-1024x759.jpeg 1024w, https:\/\/lsv.iaetve.org\/wp-content\/uploads\/2025\/06\/JAVIER-EN-TALLER-768x569.jpeg 768w\" sizes=\"(max-width: 1052px) 100vw, 1052px\" \/><\/figure>\n\n\n\n<h3 class=\"wp-block-heading\" style=\"padding-top:var(--wp--preset--spacing--medium);padding-bottom:0;letter-spacing:-0.02em;line-height:1.2\">Metodolog\u00eda<\/h3>\n\n\n\n<p style=\"margin-bottom:var(--wp--preset--spacing--medium)\">Este corpus se construir\u00e1 progresivamente, a partir de videos, capturando los movimientos manuales y las expresiones no manuales esenciales de la LSV. Utilizaremos t\u00e9cnicas de visi\u00f3n por computadora para estimar poses 3D, lo que es crucial para el aprendizaje autom\u00e1tico. La colaboraci\u00f3n con la Comunidad Venezolana de Sordos es fundamental para asegurar la autenticidad y el compromiso comunitario.<\/p>\n\n\n\n<figure class=\"wp-block-image size-full has-custom-border\"><img decoding=\"async\" width=\"1024\" height=\"768\" src=\"https:\/\/lsv.iaetve.org\/wp-content\/uploads\/2025\/06\/JAVIER-2.jpg\" alt=\"\" class=\"wp-image-71\" style=\"border-radius:6px\" srcset=\"https:\/\/lsv.iaetve.org\/wp-content\/uploads\/2025\/06\/JAVIER-2.jpg 1024w, https:\/\/lsv.iaetve.org\/wp-content\/uploads\/2025\/06\/JAVIER-2-300x225.jpg 300w, https:\/\/lsv.iaetve.org\/wp-content\/uploads\/2025\/06\/JAVIER-2-768x576.jpg 768w\" sizes=\"(max-width: 1024px) 100vw, 1024px\" \/><\/figure>\n<\/div>\n\n\n\n<div class=\"wp-block-column is-layout-flow wp-block-column-is-layout-flow\">\n<p><\/p>\n\n\n\n<p><\/p>\n\n\n\n<h3 class=\"wp-block-heading\" style=\"padding-bottom:0;letter-spacing:-0.02em;line-height:1.2\">Estamos construyendo un corpus de Lengua de Se\u00f1as Venezolana (LSV)<\/h3>\n\n\n\n<p style=\"margin-bottom:var(--wp--preset--spacing--medium)\">con la mirada en un desarrollo posterior de un traductor autom\u00e1tico bidireccional de LSV a espa\u00f1ol, un proyecto vital para la inclusi\u00f3n de la comunidad Sorda en Venezuela, donde la LSV es una lengua reconocida constitucionalmente.<\/p>\n\n\n\n<figure class=\"wp-block-image size-full has-custom-border\"><img decoding=\"async\" width=\"1024\" height=\"768\" src=\"https:\/\/lsv.iaetve.org\/wp-content\/uploads\/2025\/06\/JAVIER-Y-YULIANA.jpg\" alt=\"\" class=\"wp-image-72\" style=\"border-radius:6px\" srcset=\"https:\/\/lsv.iaetve.org\/wp-content\/uploads\/2025\/06\/JAVIER-Y-YULIANA.jpg 1024w, https:\/\/lsv.iaetve.org\/wp-content\/uploads\/2025\/06\/JAVIER-Y-YULIANA-300x225.jpg 300w, https:\/\/lsv.iaetve.org\/wp-content\/uploads\/2025\/06\/JAVIER-Y-YULIANA-768x576.jpg 768w\" sizes=\"(max-width: 1024px) 100vw, 1024px\" \/><\/figure>\n\n\n\n<p><\/p>\n\n\n\n<p><\/p>\n\n\n\n<p style=\"margin-bottom:var(--wp--preset--spacing--medium)\">Las se\u00f1as grabadas ser\u00e1n anotadas detalladamente con herramientas como ELAN, capturando glosas y caracter\u00edsticas ling\u00fc\u00edsticas complejas. El corpus se publicar\u00e1 con acceso abierto bajo licencias Creative Commons (CC BY o CC BY-SA) para maximizar su uso en investigaci\u00f3n y desarrollo. Estar\u00e1 disponible en repositorios de datos y en un sitio web dedicado, facilitando su descubrimiento y descarga..<\/p>\n<\/div>\n<\/div>\n\n\n\n<div style=\"height:36px\" aria-hidden=\"true\" class=\"wp-block-spacer\"><\/div>\n\n\n\n<h2 class=\"wp-block-heading\">Un primer ejercicio: Narrativa de un cuento<\/h2>\n\n\n\n<p>Hacer de la LSV un ejercicio vivo de comunicaci\u00f3n, pasa por la construcci\u00f3n de referentes comunes para articular conversaciones y aprendizajes. Estos videos recogen un primer ejercicio de esa construcci\u00f3n de significado desde la LSV a trav\u00e9s del relato de un cuento titulado \u00abEl paseo de Los Animales\u00bb.<\/p>\n\n\n\n<div class=\"wp-block-media-text is-stacked-on-mobile\" style=\"grid-template-columns:25% auto\"><figure class=\"wp-block-media-text__media\"><video controls src=\"https:\/\/lsv.iaetve.org\/wp-content\/uploads\/2025\/06\/VID-20240922-WA0000.mp4\"><\/video><\/figure><div class=\"wp-block-media-text__content\">\n<p>As\u00ed comienza la historia<\/p>\n<\/div><\/div>\n<\/div>\n\n\n\n<div class=\"wp-block-media-text is-stacked-on-mobile\" style=\"grid-template-columns:25% auto\"><figure class=\"wp-block-media-text__media\"><video controls src=\"https:\/\/lsv.iaetve.org\/wp-content\/uploads\/2025\/06\/VID-20240922-WA0001.mp4\"><\/video><\/figure><div class=\"wp-block-media-text__content\">\n<p><\/p>\n<\/div><\/div>\n\n\n\n<div class=\"wp-block-media-text is-stacked-on-mobile\" style=\"grid-template-columns:25% auto\"><figure class=\"wp-block-media-text__media\"><video controls src=\"https:\/\/lsv.iaetve.org\/wp-content\/uploads\/2025\/06\/VID-20240922-WA0003.mp4\"><\/video><\/figure><div class=\"wp-block-media-text__content\">\n<p><\/p>\n<\/div><\/div>\n\n\n\n<div class=\"wp-block-media-text is-stacked-on-mobile\" style=\"grid-template-columns:25% auto\"><figure class=\"wp-block-media-text__media\"><video controls src=\"https:\/\/lsv.iaetve.org\/wp-content\/uploads\/2025\/06\/VID-20240922-WA0002.mp4\"><\/video><\/figure><div class=\"wp-block-media-text__content\">\n<p><\/p>\n<\/div><\/div>\n\n\n\n<div class=\"wp-block-media-text is-stacked-on-mobile\" style=\"grid-template-columns:25% auto\"><figure class=\"wp-block-media-text__media\"><video controls src=\"https:\/\/lsv.iaetve.org\/wp-content\/uploads\/2025\/06\/VID-20240922-WA0005.mp4\"><\/video><\/figure><div class=\"wp-block-media-text__content\">\n<p><\/p>\n<\/div><\/div>\n\n\n\n<div class=\"wp-block-media-text is-stacked-on-mobile\" style=\"grid-template-columns:26% auto\"><figure class=\"wp-block-media-text__media\"><video controls src=\"https:\/\/lsv.iaetve.org\/wp-content\/uploads\/2025\/06\/VID-20240922-WA0004.mp4\"><\/video><\/figure><div class=\"wp-block-media-text__content\">\n<p><\/p>\n<\/div><\/div>\n\n\n\n<div class=\"wp-block-media-text is-stacked-on-mobile\" style=\"grid-template-columns:26% auto\"><figure class=\"wp-block-media-text__media\"><video controls src=\"https:\/\/lsv.iaetve.org\/wp-content\/uploads\/2025\/06\/Video-from-Francisco-Palm2.mp4\"><\/video><\/figure><div class=\"wp-block-media-text__content\">\n<p><\/p>\n<\/div><\/div>\n\n\n\n<div class=\"wp-block-media-text is-stacked-on-mobile\" style=\"grid-template-columns:26% auto\"><figure class=\"wp-block-media-text__media\"><video controls src=\"https:\/\/lsv.iaetve.org\/wp-content\/uploads\/2025\/06\/Video-from-Francisco-Palm1.mp4\"><\/video><\/figure><div class=\"wp-block-media-text__content\">\n<p><\/p>\n<\/div><\/div>\n\n\n\n<div class=\"wp-block-media-text is-stacked-on-mobile\" style=\"grid-template-columns:26% auto\"><figure class=\"wp-block-media-text__media\"><video controls src=\"https:\/\/lsv.iaetve.org\/wp-content\/uploads\/2025\/06\/Video-from-Francisco-Palm.mp4\"><\/video><\/figure><div class=\"wp-block-media-text__content\">\n<p><\/p>\n<\/div><\/div>\n\n\n\n<p><\/p>\n","protected":false},"excerpt":{"rendered":"<p>Tecnolog\u00edas para mejorar la comunicaci\u00f3n Objetivo: Desarrollar un sistema de traducci\u00f3n autom\u00e1tica de la lengua&hellip;<\/p>\n","protected":false},"author":1,"featured_media":0,"parent":0,"menu_order":0,"comment_status":"closed","ping_status":"closed","template":"","meta":{"footnotes":""},"class_list":["post-9","page","type-page","status-publish","hentry"],"_links":{"self":[{"href":"https:\/\/lsv.iaetve.org\/index.php?rest_route=\/wp\/v2\/pages\/9","targetHints":{"allow":["GET"]}}],"collection":[{"href":"https:\/\/lsv.iaetve.org\/index.php?rest_route=\/wp\/v2\/pages"}],"about":[{"href":"https:\/\/lsv.iaetve.org\/index.php?rest_route=\/wp\/v2\/types\/page"}],"author":[{"embeddable":true,"href":"https:\/\/lsv.iaetve.org\/index.php?rest_route=\/wp\/v2\/users\/1"}],"replies":[{"embeddable":true,"href":"https:\/\/lsv.iaetve.org\/index.php?rest_route=%2Fwp%2Fv2%2Fcomments&post=9"}],"version-history":[{"count":15,"href":"https:\/\/lsv.iaetve.org\/index.php?rest_route=\/wp\/v2\/pages\/9\/revisions"}],"predecessor-version":[{"id":138,"href":"https:\/\/lsv.iaetve.org\/index.php?rest_route=\/wp\/v2\/pages\/9\/revisions\/138"}],"wp:attachment":[{"href":"https:\/\/lsv.iaetve.org\/index.php?rest_route=%2Fwp%2Fv2%2Fmedia&parent=9"}],"curies":[{"name":"wp","href":"https:\/\/api.w.org\/{rel}","templated":true}]}}